{"id":3944,"date":"2025-05-22T15:28:41","date_gmt":"2025-05-22T13:28:41","guid":{"rendered":"https:\/\/www.test.suenhcosmetics.fr\/?post_type=product&#038;p=3944"},"modified":"2025-05-26T17:17:10","modified_gmt":"2025-05-26T15:17:10","slug":"duo-hydratation-intense","status":"publish","type":"product","link":"https:\/\/www.test.suenhcosmetics.fr\/index.php\/produit\/duo-hydratation-intense\/","title":{"rendered":"DUO Hydratation Intense"},"content":{"rendered":"\t\t<div data-elementor-type=\"wp-post\" data-elementor-id=\"3944\" class=\"elementor elementor-3944\">\n\t\t\t\t<div class=\"elementor-element elementor-element-204b10c e-flex e-con-boxed e-con e-parent\" data-id=\"204b10c\" data-element_type=\"container\">\n\t\t\t\t\t<div class=\"e-con-inner\">\n\t\t<div class=\"elementor-element elementor-element-a740c55 e-con-full e-flex e-con e-child\" data-id=\"a740c55\" data-element_type=\"container\">\n\t\t\t\t<div class=\"elementor-element elementor-element-7e515e6 elementor-widget__width-initial elementor-widget elementor-widget-text-editor\" data-id=\"7e515e6\" data-element_type=\"widget\" data-widget_type=\"text-editor.default\">\n\t\t\t\t<div class=\"elementor-widget-container\">\n\t\t\t\t\t\t\t\t\t<p>Un soin complet, riche et pur, sans superflu.<\/p>\t\t\t\t\t\t\t\t<\/div>\n\t\t\t\t<\/div>\n\t\t\t\t<div class=\"elementor-element elementor-element-12eba92 elementor-widget elementor-widget-text-editor\" data-id=\"12eba92\" data-element_type=\"widget\" data-widget_type=\"text-editor.default\">\n\t\t\t\t<div class=\"elementor-widget-container\">\n\t\t\t\t\t\t\t\t\t<p><b>Le S\u00e9rum Riche<\/b> est formul\u00e9 \u00e0 partir de mac\u00e9r\u00e2t de calendula et d\u2019huile de prune bio. Il apporte confort, souplesse et nutrition intense aux peaux les plus s\u00e8ches. Sa texture onctueuse enveloppe la peau d\u2019un voile protecteur sans fini gras, id\u00e9al pour apaiser les sensations de tiraillement.<br \/><b>Les Lotions Hydratantes<\/b> sont issues d\u2019infusions de plantes certifi\u00e9es bio, distill\u00e9es \u00e0 l\u2019eau de source pure. Elles hydratent en profondeur tout en ciblant des besoins pr\u00e9cis : r\u00e9g\u00e9n\u00e9ration, \u00e9clat, apaisement.<\/p><p>Ce duo simplifie la routine tout en maximisant l\u2019efficacit\u00e9 : un seul geste pour nourrir, hydrater, prot\u00e9ger et \u00e9quilibrer, sans superflu ni conservateurs.<\/p>\t\t\t\t\t\t\t\t<\/div>\n\t\t\t\t<\/div>\n\t\t\t\t<\/div>\n\t\t<div class=\"elementor-element elementor-element-dc019d1 e-con-full e-flex e-con e-child\" data-id=\"dc019d1\" data-element_type=\"container\">\n\t\t\t\t<div class=\"elementor-element elementor-element-757b4c9 elementor-widget__width-initial elementor-widget elementor-widget-image\" data-id=\"757b4c9\" data-element_type=\"widget\" data-widget_type=\"image.default\">\n\t\t\t\t<div class=\"elementor-widget-container\">\n\t\t\t\t\t\t\t\t\t\t\t\t\t\t\t<img fetchpriority=\"high\" decoding=\"async\" width=\"1024\" height=\"683\" src=\"https:\/\/www.test.suenhcosmetics.fr\/wp-content\/uploads\/2025\/05\/IMG_8467-1024x683.jpg\" class=\"attachment-large size-large wp-image-3837\" alt=\"\" srcset=\"https:\/\/www.test.suenhcosmetics.fr\/wp-content\/uploads\/2025\/05\/IMG_8467-1024x683.jpg 1024w, https:\/\/www.test.suenhcosmetics.fr\/wp-content\/uploads\/2025\/05\/IMG_8467-300x200.jpg 300w, https:\/\/www.test.suenhcosmetics.fr\/wp-content\/uploads\/2025\/05\/IMG_8467-768x512.jpg 768w, https:\/\/www.test.suenhcosmetics.fr\/wp-content\/uploads\/2025\/05\/IMG_8467-1536x1024.jpg 1536w, https:\/\/www.test.suenhcosmetics.fr\/wp-content\/uploads\/2025\/05\/IMG_8467-2048x1365.jpg 2048w, https:\/\/www.test.suenhcosmetics.fr\/wp-content\/uploads\/2025\/05\/IMG_8467-1320x880.jpg 1320w, https:\/\/www.test.suenhcosmetics.fr\/wp-content\/uploads\/2025\/05\/IMG_8467-600x400.jpg 600w, https:\/\/www.test.suenhcosmetics.fr\/wp-content\/uploads\/2025\/05\/IMG_8467-scaled.jpg 800w\" sizes=\"(max-width: 1024px) 100vw, 1024px\" \/>\t\t\t\t\t\t\t\t\t\t\t\t\t\t\t<\/div>\n\t\t\t\t<\/div>\n\t\t\t\t<\/div>\n\t\t\t\t\t<\/div>\n\t\t\t\t<\/div>\n\t\t\t\t<\/div>\n\t\t","protected":false},"excerpt":{"rendered":"<div class=\"fiche-produit\">\n<h2>L\u2019alternative 100% v\u00e9g\u00e9tale \u00e0 votre cr\u00e8me<\/h2>\n<h3>S\u00e9rum Riche &amp; Lotion Botanique au choix<\/h3>\n<p class=\"type-peau\">Peau s\u00e8che \u2013 R\u00e9confort \u2013 Protection<\/p>\n<p>Une cr\u00e8me r\u00e9invent\u00e9e pour les peaux s\u00e8ches, sensibles ou matures. Ce duo unit un <a href=\"https:\/\/www.test.suenhcosmetics.fr\/index.php\/produit\/serum-riche\/\"><strong>S\u00e9rum Riche<\/strong><\/a> nourrissant \u00e0 une <strong>lotion botanique<\/strong> hydratante cibl\u00e9e.<\/p>\n<p>\ud83d\udca7 <strong><a href=\"https:\/\/www.test.suenhcosmetics.fr\/index.php\/produit\/serum-riche\/\">S\u00e9rum Riche<\/a> :<\/strong> apaise, nourrit intens\u00e9ment, prot\u00e8ge, parfum doux naturel (prune).<br \/>\n\ud83c\udf3f <strong>Lotions au choix :<\/strong><br \/>\n<a href=\"https:\/\/www.test.suenhcosmetics.fr\/index.php\/produit\/lotion-botanique-apaisante-calendula-50-ml\/\">Calendula<\/a> (apaisante, r\u00e9paratrice),<br \/>\n<a href=\"https:\/\/www.test.suenhcosmetics.fr\/index.php\/produit\/lotion-botanique-hydratante-fleur-de-sureau\/\">Sureau<\/a> (apaisante, \u00e9clat),<br \/>\n<a href=\"https:\/\/www.test.suenhcosmetics.fr\/index.php\/produit\/lotion-botanique-pomme-sauvage-50-ml\/\">Pomme Sauvage<\/a> (tonifiante).<\/p>\n<p><strong>Application :<\/strong> 2 gouttes de s\u00e9rum + spray de lotion = cr\u00e8me express et personnalis\u00e9e.<\/p>\n<p class=\"note\">Un soin complet, riche et pur, sans superflu.<\/p>\n<\/div>\n","protected":false},"featured_media":3907,"comment_status":"open","ping_status":"closed","template":"","meta":{"site-sidebar-layout":"default","site-content-layout":"","ast-site-content-layout":"default","site-content-style":"default","site-sidebar-style":"default","ast-global-header-display":"","ast-banner-title-visibility":"","ast-main-header-display":"","ast-hfb-above-header-display":"","ast-hfb-below-header-display":"","ast-hfb-mobile-header-display":"","site-post-title":"","ast-breadcrumbs-content":"","ast-featured-img":"","footer-sml-layout":"","theme-transparent-header-meta":"default","adv-header-id-meta":"","stick-header-meta":"","header-above-stick-meta":"","header-main-stick-meta":"","header-below-stick-meta":"","astra-migrate-meta-layouts":"set","ast-page-background-enabled":"default","ast-page-background-meta":{"desktop":{"background-color":"var(--ast-global-color-5)","background-image":"","background-repeat":"repeat","background-position":"center center","background-size":"auto","background-attachment":"scroll","background-type":"","background-media":"","overlay-type":"","overlay-color":"","overlay-opacity":"","overlay-gradient":""},"tablet":{"background-color":"","background-image":"","background-repeat":"repeat","background-position":"center center","background-size":"auto","background-attachment":"scroll","background-type":"","background-media":"","overlay-type":"","overlay-color":"","overlay-opacity":"","overlay-gradient":""},"mobile":{"background-color":"","background-image":"","background-repeat":"repeat","background-position":"center center","background-size":"auto","background-attachment":"scroll","background-type":"","background-media":"","overlay-type":"","overlay-color":"","overlay-opacity":"","overlay-gradient":""}},"ast-content-background-meta":{"desktop":{"background-color":"var(--ast-global-color-4)","background-image":"","background-repeat":"repeat","background-position":"center center","background-size":"auto","background-attachment":"scroll","background-type":"","background-media":"","overlay-type":"","overlay-color":"","overlay-opacity":"","overlay-gradient":""},"tablet":{"background-color":"var(--ast-global-color-4)","background-image":"","background-repeat":"repeat","background-position":"center center","background-size":"auto","background-attachment":"scroll","background-type":"","background-media":"","overlay-type":"","overlay-color":"","overlay-opacity":"","overlay-gradient":""},"mobile":{"background-color":"var(--ast-global-color-4)","background-image":"","background-repeat":"repeat","background-position":"center center","background-size":"auto","background-attachment":"scroll","background-type":"","background-media":"","overlay-type":"","overlay-color":"","overlay-opacity":"","overlay-gradient":""}}},"product_brand":[],"product_cat":[53,22,20],"product_tag":[],"class_list":{"0":"post-3944","1":"product","2":"type-product","3":"status-publish","4":"has-post-thumbnail","6":"product_cat-deshydratation","7":"product_cat-packs-routines","8":"product_cat-soins-visages","9":"desktop-align-left","10":"tablet-align-left","11":"mobile-align-left","13":"first","14":"instock","15":"shipping-taxable","16":"purchasable","17":"product-type-variable"},"_links":{"self":[{"href":"https:\/\/www.test.suenhcosmetics.fr\/index.php\/wp-json\/wp\/v2\/product\/3944","targetHints":{"allow":["GET"]}}],"collection":[{"href":"https:\/\/www.test.suenhcosmetics.fr\/index.php\/wp-json\/wp\/v2\/product"}],"about":[{"href":"https:\/\/www.test.suenhcosmetics.fr\/index.php\/wp-json\/wp\/v2\/types\/product"}],"replies":[{"embeddable":true,"href":"https:\/\/www.test.suenhcosmetics.fr\/index.php\/wp-json\/wp\/v2\/comments?post=3944"}],"version-history":[{"count":24,"href":"https:\/\/www.test.suenhcosmetics.fr\/index.php\/wp-json\/wp\/v2\/product\/3944\/revisions"}],"predecessor-version":[{"id":4429,"href":"https:\/\/www.test.suenhcosmetics.fr\/index.php\/wp-json\/wp\/v2\/product\/3944\/revisions\/4429"}],"wp:featuredmedia":[{"embeddable":true,"href":"https:\/\/www.test.suenhcosmetics.fr\/index.php\/wp-json\/wp\/v2\/media\/3907"}],"wp:attachment":[{"href":"https:\/\/www.test.suenhcosmetics.fr\/index.php\/wp-json\/wp\/v2\/media?parent=3944"}],"wp:term":[{"taxonomy":"product_brand","embeddable":true,"href":"https:\/\/www.test.suenhcosmetics.fr\/index.php\/wp-json\/wp\/v2\/product_brand?post=3944"},{"taxonomy":"product_cat","embeddable":true,"href":"https:\/\/www.test.suenhcosmetics.fr\/index.php\/wp-json\/wp\/v2\/product_cat?post=3944"},{"taxonomy":"product_tag","embeddable":true,"href":"https:\/\/www.test.suenhcosmetics.fr\/index.php\/wp-json\/wp\/v2\/product_tag?post=3944"}],"curies":[{"name":"wp","href":"https:\/\/api.w.org\/{rel}","templated":true}]}}