{"id":1216,"date":"2023-07-12T16:46:48","date_gmt":"2023-07-12T14:46:48","guid":{"rendered":"https:\/\/www.test.suenhcosmetics.fr\/?post_type=product&#038;p=1216"},"modified":"2025-05-19T10:38:24","modified_gmt":"2025-05-19T08:38:24","slug":"savon-visage-extraits-botaniques-de-sureau","status":"publish","type":"product","link":"https:\/\/www.test.suenhcosmetics.fr\/index.php\/produit\/savon-visage-extraits-botaniques-de-sureau\/","title":{"rendered":"Savon Visage | Sureau"},"content":{"rendered":"\t\t<div data-elementor-type=\"wp-post\" data-elementor-id=\"1216\" class=\"elementor elementor-1216\">\n\t\t\t\t<div class=\"elementor-element elementor-element-c49d0c2 e-flex e-con-boxed e-con e-parent\" data-id=\"c49d0c2\" data-element_type=\"container\">\n\t\t\t\t\t<div class=\"e-con-inner\">\n\t\t<div class=\"elementor-element elementor-element-bd060da e-con-full e-flex e-con e-child\" data-id=\"bd060da\" data-element_type=\"container\">\n\t\t\t\t<\/div>\n\t\t<div class=\"elementor-element elementor-element-03308c6 e-con-full e-flex e-con e-child\" data-id=\"03308c6\" data-element_type=\"container\">\n\t\t\t\t<div class=\"elementor-element elementor-element-0a085c1 elementor-widget__width-initial elementor-widget elementor-widget-image\" data-id=\"0a085c1\" data-element_type=\"widget\" data-widget_type=\"image.default\">\n\t\t\t\t<div class=\"elementor-widget-container\">\n\t\t\t\t\t\t\t\t\t\t\t\t\t\t\t<img fetchpriority=\"high\" decoding=\"async\" width=\"1024\" height=\"1024\" src=\"https:\/\/www.test.suenhcosmetics.fr\/wp-content\/uploads\/2023\/07\/IMG_9628-1024x1024.jpeg\" class=\"attachment-large size-large wp-image-1887\" alt=\"\" srcset=\"https:\/\/www.test.suenhcosmetics.fr\/wp-content\/uploads\/2023\/07\/IMG_9628-1024x1024.jpeg 1024w, https:\/\/www.test.suenhcosmetics.fr\/wp-content\/uploads\/2023\/07\/IMG_9628-300x300.jpeg 300w, https:\/\/www.test.suenhcosmetics.fr\/wp-content\/uploads\/2023\/07\/IMG_9628-150x150.jpeg 150w, https:\/\/www.test.suenhcosmetics.fr\/wp-content\/uploads\/2023\/07\/IMG_9628-768x768.jpeg 768w, https:\/\/www.test.suenhcosmetics.fr\/wp-content\/uploads\/2023\/07\/IMG_9628-1536x1536.jpeg 1536w, https:\/\/www.test.suenhcosmetics.fr\/wp-content\/uploads\/2023\/07\/IMG_9628-2048x2048.jpeg 2048w, https:\/\/www.test.suenhcosmetics.fr\/wp-content\/uploads\/2023\/07\/IMG_9628-1320x1320.jpeg 1320w, https:\/\/www.test.suenhcosmetics.fr\/wp-content\/uploads\/2023\/07\/IMG_9628-600x600.jpeg 600w, https:\/\/www.test.suenhcosmetics.fr\/wp-content\/uploads\/2023\/07\/IMG_9628-100x100.jpeg 100w, https:\/\/www.test.suenhcosmetics.fr\/wp-content\/uploads\/2023\/07\/IMG_9628-scaled.jpeg 800w\" sizes=\"(max-width: 1024px) 100vw, 1024px\" \/>\t\t\t\t\t\t\t\t\t\t\t\t\t\t\t<\/div>\n\t\t\t\t<\/div>\n\t\t\t\t<\/div>\n\t\t\t\t\t<\/div>\n\t\t\t\t<\/div>\n\t\t\t\t<\/div>\n\t\t","protected":false},"excerpt":{"rendered":"<div class=\"suenh-product-box\">\n<div class=\"suenh-tags\"><span class=\"suenh-tag\">Peaux normales \u00e0 s\u00e8ches<\/span><br \/>\n<span class=\"suenh-tag\">Saponifi\u00e9 \u00e0 froid<\/span><br \/>\n<span class=\"suenh-tag\">100% v\u00e9g\u00e9tal<\/span><\/div>\n<p class=\"suenh-ml\">50g<\/p>\n<h3 class=\"suenh-title\">HYDRATANT \u2013 ADOUCISSANT \u2013 R\u00c9VITALISANT<\/h3>\n<p>Ce savon au <strong>sureau<\/strong>, enrichi en huiles v\u00e9g\u00e9tales bio et infus\u00e9 avec nos fleurs de sureau cultiv\u00e9es sur nos terres, est con\u00e7u pour offrir \u00e0 votre peau un soin doux et nourrissant.<br \/>\nId\u00e9al pour les peaux s\u00e8ches, irrit\u00e9es ou ternes, il vous enveloppe d\u2019une douceur revitalisante et redonne \u00e0 votre visage une sensation de confort.<\/p>\n<ul class=\"suenh-list\">\n<li><strong>Hydrate en profondeur<\/strong> gr\u00e2ce au sureau<\/li>\n<li><strong>Adoucit<\/strong> les peaux sensibles<\/li>\n<li><strong>Revitalise<\/strong> et redonne de l\u2019\u00e9clat<\/li>\n<li><strong>Parfum naturel<\/strong> sans allerg\u00e8ne<\/li>\n<\/ul>\n<p>Mousse cr\u00e9meuse pour un nettoyage confortable et respectueux.<\/p>\n<p class=\"suenh-footnote\"><strong>Fabriqu\u00e9 artisanalement \u00e0 partir de fleurs cueillies sur nos terres en Occitanie.<\/strong><\/p>\n<\/div>\n","protected":false},"featured_media":3743,"comment_status":"open","ping_status":"closed","template":"","meta":{"site-sidebar-layout":"no-sidebar","site-content-layout":"","ast-site-content-layout":"normal-width-container","site-content-style":"unboxed","site-sidebar-style":"unboxed","ast-global-header-display":"","ast-banner-title-visibility":"","ast-main-header-display":"","ast-hfb-above-header-display":"","ast-hfb-below-header-display":"","ast-hfb-mobile-header-display":"","site-post-title":"","ast-breadcrumbs-content":"","ast-featured-img":"","footer-sml-layout":"","theme-transparent-header-meta":"default","adv-header-id-meta":"","stick-header-meta":"","header-above-stick-meta":"","header-main-stick-meta":"","header-below-stick-meta":"","astra-migrate-meta-layouts":"set","ast-page-background-enabled":"default","ast-page-background-meta":{"desktop":{"background-color":"var(--ast-global-color-5)","background-image":"","background-repeat":"repeat","background-position":"center center","background-size":"auto","background-attachment":"scroll","background-type":"","background-media":"","overlay-type":"","overlay-color":"","overlay-opacity":"","overlay-gradient":""},"tablet":{"background-color":"","background-image":"","background-repeat":"repeat","background-position":"center center","background-size":"auto","background-attachment":"scroll","background-type":"","background-media":"","overlay-type":"","overlay-color":"","overlay-opacity":"","overlay-gradient":""},"mobile":{"background-color":"","background-image":"","background-repeat":"repeat","background-position":"center center","background-size":"auto","background-attachment":"scroll","background-type":"","background-media":"","overlay-type":"","overlay-color":"","overlay-opacity":"","overlay-gradient":""}},"ast-content-background-meta":{"desktop":{"background-color":"var(--ast-global-color-4)","background-image":"","background-repeat":"repeat","background-position":"center center","background-size":"auto","background-attachment":"scroll","background-type":"","background-media":"","overlay-type":"","overlay-color":"","overlay-opacity":"","overlay-gradient":""},"tablet":{"background-color":"var(--ast-global-color-4)","background-image":"","background-repeat":"repeat","background-position":"center center","background-size":"auto","background-attachment":"scroll","background-type":"","background-media":"","overlay-type":"","overlay-color":"","overlay-opacity":"","overlay-gradient":""},"mobile":{"background-color":"var(--ast-global-color-4)","background-image":"","background-repeat":"repeat","background-position":"center center","background-size":"auto","background-attachment":"scroll","background-type":"","background-media":"","overlay-type":"","overlay-color":"","overlay-opacity":"","overlay-gradient":""}}},"product_brand":[],"product_cat":[48,20],"product_tag":[42],"class_list":{"0":"post-1216","1":"product","2":"type-product","3":"status-publish","4":"has-post-thumbnail","6":"product_cat-nettoyants-visage","7":"product_cat-soins-visages","8":"product_tag-savon-vo","9":"desktop-align-left","10":"tablet-align-left","11":"mobile-align-left","13":"first","14":"instock","15":"purchasable","16":"product-type-simple"},"_links":{"self":[{"href":"https:\/\/www.test.suenhcosmetics.fr\/index.php\/wp-json\/wp\/v2\/product\/1216","targetHints":{"allow":["GET"]}}],"collection":[{"href":"https:\/\/www.test.suenhcosmetics.fr\/index.php\/wp-json\/wp\/v2\/product"}],"about":[{"href":"https:\/\/www.test.suenhcosmetics.fr\/index.php\/wp-json\/wp\/v2\/types\/product"}],"replies":[{"embeddable":true,"href":"https:\/\/www.test.suenhcosmetics.fr\/index.php\/wp-json\/wp\/v2\/comments?post=1216"}],"version-history":[{"count":1,"href":"https:\/\/www.test.suenhcosmetics.fr\/index.php\/wp-json\/wp\/v2\/product\/1216\/revisions"}],"predecessor-version":[{"id":3633,"href":"https:\/\/www.test.suenhcosmetics.fr\/index.php\/wp-json\/wp\/v2\/product\/1216\/revisions\/3633"}],"wp:featuredmedia":[{"embeddable":true,"href":"https:\/\/www.test.suenhcosmetics.fr\/index.php\/wp-json\/wp\/v2\/media\/3743"}],"wp:attachment":[{"href":"https:\/\/www.test.suenhcosmetics.fr\/index.php\/wp-json\/wp\/v2\/media?parent=1216"}],"wp:term":[{"taxonomy":"product_brand","embeddable":true,"href":"https:\/\/www.test.suenhcosmetics.fr\/index.php\/wp-json\/wp\/v2\/product_brand?post=1216"},{"taxonomy":"product_cat","embeddable":true,"href":"https:\/\/www.test.suenhcosmetics.fr\/index.php\/wp-json\/wp\/v2\/product_cat?post=1216"},{"taxonomy":"product_tag","embeddable":true,"href":"https:\/\/www.test.suenhcosmetics.fr\/index.php\/wp-json\/wp\/v2\/product_tag?post=1216"}],"curies":[{"name":"wp","href":"https:\/\/api.w.org\/{rel}","templated":true}]}}